inder when t is divided by 4.
3
Let j = 11 + 67. Suppose 0 = -k + 7 + 13. Calculate the remainder when j is divided by k.
18
Suppose -5 + 305 = 4*x. Calculate the remainder when x is divided by 0 - (-3)/(-1) - (-24 - -2).
18
Suppose 4*v - 74 = -14. What is the remainder when 74 is divided by v?
14
Suppose 5*x + 5*b = 200, -3*x - b = x - 157. Calculate the remainder when x is divided by 10.
9
Suppose 3 = j + 6. What is the remainder when (-15)/5*74/j is divided by 19?
17
Let c(v) = -v**2 - 11*v - 10. Let z be c(-10). Suppose z = 5*f + 87 + 3. What is the remainder when 19 is divided by ((-20)/(-6))/((-6)/f)?
9
Suppose -7*w + 3*w = -8. Let t = 0 + 18. Calculate the remainder when 114/t - (-2)/(-6) is divided by w.
0
Suppose 5*k + s + 9 = -33, -2*k + 4*s - 30 = 0. Let b = -3 - k. What is the remainder when (-8 + 4)*11/(-2) is divided by b?
4
Calculate the remainder when 83 is divided by ((-30)/(-35))/((-8)/(-56)).
5
Let j be ((-40)/(-30))/(8/18). Suppose 0 = 10*r - j*r - 126. Calculate the remainder when r is divided by 5.
3
Suppose 3*m = -f + 3*f - 216, -2*m - 518 = -5*f. Suppose 3*i + 193 = 5*j, 3*i + 76 = 2*j - f. Calculate the remainder when 10 is divided by (-4)/6 - i/12.
2
Let i(t) = 4 - 29*t**3 - 5 + t**2 + 6*t - 7*t. Calculate the remainder when i(-1) is divided by 16.
14
Let u = 1 + 4. Calculate the remainder when 6 is divided by u.
1
Let f = 55 + -41. Let h(z) = 8*z + 2. Let q be h(-3). Let w = 48 + q. What is the remainder when w is divided by f?
12
Let v = -1 + 6. Suppose v*w - 2*c = 124 - 9, 3*w + c - 69 = 0. Calculate the remainder when 45 is divided by w.
22
Suppose -11 + 68 = 5*a + 2*f, 3*f = 3. Suppose c + 10 = -3*s + 3*c, -5*c = 5*s - 25. Suppose 3*z - 4*z + 32 = s. What is the remainder when z is divided by a?
10
Suppose -31 = -4*t - 5*r, -3*t = 3*r - 38 + 14. What is the remainder when 62 is divided by t?
8
Suppose 4*u - 6*u + 20 = 0. What is the remainder when u is divided by (-20)/(-6) + 2/3?
2
Suppose -3*u = -105 - 174. Suppose -60*z = -35*z - 600. What is the remainder when u is divided by z?
21
Let o = -1 + 13. What is the remainder when o is divided by 4 - (6/(-3) - 1)?
5
Suppose 3*j + 2*p + 33 = -p, 2*j - p = -28. Let b = j + 28. Let h(y) = 16*y**2 - 6*y + 6. Calculate the remainder when h(2) is divided by b.
13
Suppose -2*y + 8*y = 198. What is the remainder when y is divided by 6?
3
Calculate the remainder when (27 + -6)*6/9 is divided by 9.
5
Calculate the remainder when 38 is divided by (-4)/(-18) - (453/(-27) - -3).
10
Let y(q) = -q**3 - q**2 - q + 22. Calculate the remainder when y(0) is divided by 8.
6
Suppose -4*a + 60 = 2*g, -a - 3*g + 19 = -1. Let h = -10 - -14. Suppose -25 - 79 = -h*u. What is the remainder when u is divided by a?
12
Let u be (-10)/(-25) + (-26)/(-10). Suppose -z = -3*k - 3*z + 20, 16 = u*k + 4*z. What is the remainder when 14 is divided by k?
6
Let y(u) = u**3 - 5*u**2 - u - 5. Let v be 195/21 - (-4)/(-14). Let i = v + 4. What is the remainder when y(6) is divided by i?
12
Suppose -4*o = -13 + 5. Suppose 14 = f - i - 2*i, -4*f + 20 = -3*i. What is the remainder when o is divided by f?
0
Let y(l) = 27*l**2 - 1. Suppose 4 = -4*p + 3*j, 0*j + 4*j = 4*p + 4. Let i = -85 + 94. Calculate the remainder when y(p) is divided by i.
8
Suppose -2*n = -7 + 1. Let s = -67 - -78. What is the remainder when s is divided by n?
2
Suppose -3*l - 20 + 56 = 0. Let z = 13 + -10. Suppose -11 = -3*u - 4*p - p, -z*u = p - 19. What is the remainder when l is divided by u?
5
Let d = 11 + -7. What is the remainder when 5 is divided by d?
1
Suppose 3*v - 115 = -0*v + s, 4*s = v - 53. What is the remainder when 146 is divided by v?
35
Suppose -2*w + 40 = -26. Let b = -10 - -22. Calculate the remainder when w is divided by b.
9
Let w = 2 - -1. Let d be (14 + w)/(2 - 1). Suppose 8*r - 4*r - 16 = 0, -p - 4*r + d = 0. Calculate the remainder when p is divided by 1.
0
Suppose 5*n - 14 = -3*x + 2, 4*n - x = 6. Calculate the remainder when -2 + 12*6/8 is divided by n.
1
Suppose -18 = 2*l - 5*l. Calculate the remainder when 18 is divided by l.
0
Let b(k) = k - 5. Let r be b(11). Let x = 16 - r. Calculate the remainder when 39 is divided by x.
9
Suppose 3*d + 0*d - 9 = -5*s, 2*d = -s + 6. Suppose s = -2*i + 21 + 3. Calculate the remainder when 22 is divided by i.
10
Let u(d) = 4*d - 6. Calculate the remainder when (-4)/(-7) - (-1295)/49 is divided by u(4).
7
Suppose -k + 4*k - 30 = 0. Let u be 111/5 + (-2)/k. Calculate the remainder when 20 is divided by (0 + u/4)*2.
9
Let g = -38 + 75. Calculate the remainder when g is divided by 10.
7
Suppose -5*q + 5*k + 10 = -5, q - 18 = -4*k. Let s(r) = -r**2 + 24*r + 27. What is the remainder when q is divided by s(25)?
0
Suppose 200 = 5*f - 5*w, 0 = -5*f - 3*w + 26 + 150. Calculate the remainder when f is divided by (1 + 12)*(-1)/(-1).
11
Let q(a) = a**3 - 3*a - 1. Let p = 107 - 186. Let w = p - -112. What is the remainder when w is divided by q(3)?
16
Let l = 39 - 23. Let j = -37 + 82. Calculate the remainder when j is divided by l.
13
Suppose 3*h = h - c + 134, c - 67 = -h. Calculate the remainder when h is divided by 35.
32
What is the remainder when (4 + -2 - 1) + 34 is divided by (-10)/4*(-52)/(-65) + 14?
11
Suppose 0*u - 11 = 3*u + 4*m, 7 = -5*u - m. Let b = 0 - u. Calculate the remainder when (1 - -6)*(1 + b) is divided by 5.
4
Let a be 4/4*-3*1. Calculate the remainder when (-122)/a + 2/6 is divided by 35*(2 - (-16)/(-10)).
13
Let v(d) = -26*d. Let f = 6 + -7. Suppose 40 = u - 11. Calculate the remainder when u is divided by v(f).
25
Let k(r) = -r**3 + r**2 + r - 1. Calculate the remainder when k(-2) is divided by 5.
4
Let k = -3 - -9. Calculate the remainder when k is divided by (-2 - (-4)/4)/((-2)/8).
2
Suppose 2*x - 7*x + 16 = j, 4*j = -x + 26. What is the remainder when 45 is divided by j?
3
Suppose 20*w - 17*w = 30. What is the remainder when 86 is divided by w?
6
Let m(s) = s + 10. Let a be m(10). Suppose -4*v - v + a = 0, 2*n - 22 = -5*v. What is the remainder when 21 is divided by 11*(0 + n + 0)?
10
Let f = -1 + 6. Suppose -57 = f*k - 7. Let o(c) = c**3 + 10*c**2 - 3*c + 13. Calculate the remainder when o(k) is divided by 15.
13
Let w = -15 - -15. Suppose -5*p + 85 = -w*p. What is the remainder when p is divided by 6?
5
Let r = -30 - -47. Let f be ((-44)/(-12) + -2)*3. Suppose 4*q - 50 = -5*j, f - 4 = j - q. What is the remainder when r is divided by j?
5
Calculate the remainder when (-28)/(2/(-1) - 0) is divided by 8.
6
Let x = -14 - -23. Calculate the remainder when 34 is divided by x.
7
Suppose -18*m = -14*m - 152. What is the remainder when 74 is divided by m?
36
Let b(o) = -o**3 + o - 1. Suppose -3*y - 12 = 3*y. What is the remainder when 18 is divided by b(y)?
3
Suppose 4*j = -0*j + 40. What is the remainder when ((-110)/25)/((-2)/j) is divided by 8?
6
Let y(m) = 11*m - 1. What is the remainder when y(7) is divided by ((-1)/3)/(1 + 40/(-39))?
11
Calculate the remainder when -7*3/(-14)*92 is divided by 35.
33
Suppose 5*k - 101 = -2*l, 2*k + k - 147 = -3*l. Suppose l = 4*y - 28. Suppose -z + 10 = -y. What is the remainder when z is divided by 10?
9
Let i(r) = -r**3 - 4*r**2 - r - 1. Let w(h) = h**3 - h - 1. Let k(a) = i(a) - w(a). Calculate the remainder when k(-3) is divided by (-4)/(-12)*(-1 - -31).
8
Let l be ((-4)/2)/2 - 2. Let i = 3 + l. Calculate the remainder when 44 is divided by (i + 1)*1*15.
14
Let j = 9 - -1. Calculate the remainder when 27*(2 - (-20)/(-15)) is divided by j.
8
Let s(x) = x**2 - 2*x + 1. Calculate the remainder when s(3) is divided by (-4)/10 + (-68)/(-20).
1
Let i = 33 - 4. Calculate the remainder when i is divided by 8.
5
Calculate the remainder when (-1)/(55/(-54) + 1) is divided by 7.
5
Let s(f) = f + 59. Let q be s(0). Let c = q + -18. Calculate the remainder when c is divided by 21.
20
Let l = -40 - -49. Calculate the remainder when 60 is divided by l.
6
Let q = 40 - -23. Suppose -5*a + q = -57. Calculate the remainder when a is divided by 9.
6
Let y = 16 - 14. Let w(v) = -2*v + 1. Let p be w(-3). Suppose -p = -i + y. What is the remainder when 26 is divided by i?
8
Let y = 89 - 72. Let s(t) = t + 32. Calculate the remainder when s(0) is divided by y.
15
Suppose -19 = q - 2*q + 4*i, 3*q - 2*i - 17 = 0. Suppose 3*c = c - 12. Calculat